45
What is 16 (base 12) in base 11?
17
What is -25 (base 8) in base 5?
-41
Convert 48 (base 16) to base 3.
2200
Convert -45 (base 10) to base 15.
-30
Convert -37 (base 16) to base 13.
-43
1001101 (base 2) to base 4
1031
What is 6 (base 7) in base 4?
12
Convert -314 (base 9) to base 10.
-256
Convert -2 (base 4) to base 7.
-2
What is 0 (base 4) in base 2?
0
-17 (base 12) to base 5
-34
35 (base 14) to base 8
57
What is -101001 (base 2) in base 13?
-32
What is 29 (base 12) in base 14?
25
Convert 100111 (base 2) to base 9.
43
Convert 23 (base 12) to base 4.
123
What is 10 (base 3) in base 6?
3
8 (base 11) to base 8
10
Convert 2 (base 3) to base 16.
2
What is 3 (base 7) in base 15?
3
Convert 23 (base 14) to base 16.
1f
Convert 4 (base 12) to base 15.
4
Convert -1112 (base 4) to base 16.
-56
Convert -3a (base 15) to base 10.
-55
What is 153 (base 12) in base 3?
21200
-59 (base 11) to base 2
-1000000
What is 6 (base 13) in base 14?
6
Convert -4 (base 16) to base 6.
-4
What is 5 (base 11) in base 16?
5
36 (base 12) to base 16
2a
Convert -30 (base 8) to base 12.
-20
What is -1211 (base 3) in base 4?
-301
Convert 3c (base 14) to base 15.
39
What is 10 (base 2) in base 7?
2
Convert -165 (base 12) to base 6.
-1005
-2 (base 13) to base 16
-2
312 (base 5) to base 7
145
Convert -16 (base 15) to base 9.
-23
Convert 141 (base 15) to base 10.
286
-3d (base 16) to base 10
-61
Convert -2 (base 6) to base 14.
-2
2020 (base 4) to base 13
a6
5 (base 6) to base 15
5
What is -3 (base 6) in base 10?
-3
-114 (base 7) to base 4
-330
Convert 10 (base 3) to base 13.
3
1100 (base 2) to base 10
12
What is -c (base 14) in base 8?
-14
Convert -23 (base 10) to base 2.
-10111
Convert 0 (base 13) to base 4.
0
What is -11 (base 5) in base 6?
-10
-18 (base 11) to base 12
-17
Convert -3 (base 11) to base 9.
-3
67 (base 11) to base 16
49
-17 (base 10) to base 14
-13
Convert -1 (base 11) to base 16.
-1
What is -31 (base 13) in base 14?
-2c
4 (base 11) to base 3
11
-16 (base 9) to base 11
-14
Convert 21211 (base 3) to base 11.
182
10001011 (base 2) to base 12
b7
What is -6 (base 11) in base 2?
-110
-15 (base 8) to base 4
-31
What is -4 (base 10) in base 9?
-4
What is 4 (base 15) in base 16?
4
What is -50 (base 12) in base 3?
-2020
-5b (base 12) to base 3
-2122
What is -10010 (base 2) in base 15?
-13
-112 (base 5) to base 4
-200
Convert -80 (base 10) to base 7.
-143
What is -35 (base 9) in base 10?
-32
What is -4 (base 14) in base 13?
-4
122 (base 11) to base 14
a5
Convert 3 (base 12) to base 9.
3
What is -1432 (base 5) in base 11?
-200
Convert -54 (base 15) to base 12.
-67
Convert -1 (base 6) to base 16.
-1
Convert 10010 (base 2) to base 6.
30
Convert 7 (base 10) to base 13.
7
2 (base 16) to base 6
2
101 (base 3) to base 7
13
Convert -150 (base 8) to base 13.
-80
Convert -4 (base 14) to base 5.
-4
Convert -25 (base 13) to base 12.
-27
10 (base 3) to base 12
3
-1 (base 10) to base 2
-1
Convert -1b1 (base 14) to base 6.
-1343
Convert 55 (base 10) to base 14.
3d
What is 12 (base 14) in base 5?
31
What is -1 (base 2) in base 13?
-1
What is 4 (base 13) in base 9?
4
Convert -7 (base 11) to base 3.
-21
-11 (base 8) to base 9
-10
What is 10 (base 2) in base 15?
2
-1002 (base 4) to base 8
-102
What is 2 (base 16) in base 12?
2
What is -123 (base 7) in base 3?
-2110
What is 2 (base 7) in base 10?
2
Convert 0 (base 3) to base 14.
0
-3 (base 9) to base 3
-10
What is 10 (base 2) in base 12?
2
What is -4 (base 14) in base 9?
-4
What is 11 (base 9) in base 14?
a
What is -159 (base 11) in base 6?
-505
What is -f (base 16) in base 8?
-17
Convert 108 (base 15) to base 8.
351
-5 (base 15) to base 11
-5
Convert -c (base 14) to base 10.
-12
24 (base 14) to base 7
44
-6 (base 13) to base 10
-6
40 (base 15) to base 8
74
-4 (base 12) to base 4
-10
Convert -1 (base 3) to base 4.
-1
-30 (base 7) to base 16
-15
Convert 3 (base 9) to base 10.
3
What is 15 (base 7) in base 8?
14
Convert -5 (base 10) to base 5.
-10
What is 116 (base 9) in base 14?
6c
Convert -123 (base 4) to base 10.
-27
What is -2 (base 5) in base 8?
-2
What is 2e (base 15) in base 16?
2c
Convert -5 (base 13) to base 15.
-5
3 (base 7) to base 13
3
What is -2 (base 12) in base 11?
-2
What is c3 (base 14) in base 13?
102
Convert 0 (base 4) to base 6.
0
Convert 8 (base 15) to base 6.
12
What is -146 (base 8) in base 5?
-402
2a (base 14) to base 3
1102
Convert b (base 15) to base 16.
b
-1 (base 4) to base 8
-1
What is -59 (base 16) in base 15?
-5e
What is -202 (base 8) in base 10?
-130
What is 0 (base 15) in base 7?
0
Convert 2 (base 8) to base 5.
2
Convert 94 (base 11) to base 2.
1100111
Convert -10202 (base 4) to base 7.
-563
400 (base 7) to base 11
169
What is 6e (base 15) in base 6?
252
What is 37 (base 16) in base 14?
3d
What is 15 (base 7) in base 15?
c
What is -3 (base 14) in base 13?
-3
-100 (base 4) to base 13
-13
-230 (base 4) to base 11
-40
36 (base 8) to base 11
28
What is 3 (base 4) in base 16?
3
What is 0 (base 8) in base 2?
0
6 (base 15) to base 9
6
What is 1202 (base 3) in base 8?
57
-3 (base 8) to base 15
-3
What is -1 (base 4) in base 13?
-1
177 (base 9) to base 8
227
-12020 (base 3) to base 4
-2031
Convert -146 (base 7) to base 4.
-1103
What is -9 (base 11) in base 12?
-9
175 (base 10) to base 2
10101111
5 (base 11) to base 12
5
0 (base 12) to base 14
0
Convert 2 (base 15) to base 12.
2
34 (base 9) to base 11
29
-4 (base 7) to base 11
-4
What is -10 (base 2) in base 11?
-2
What is -1200 (base 3) in base 10?
-45
-5 (base 9) to base 15
-5
What is -2 (base 6) in base 15?
-2
What is -10 (base 3) in base 16?
-3
What is -9 (base 10) in base 13?
-9
-21 (base 4) to base 8
-11
10 (base 3) to base 12
3
What is -21 (base 9) in base 14?
-15
Convert -2022 (base 4) to base 11.
-116
10 (base 12) to base 10
12
Convert -111 (base 9) to base 12.
-77
a (base 14) to base 13
a
Convert -5 (base 9) to base 4.
-11
11 (base 11) to base 2
1100
What is -4 (base 14) in base 2?
-100
Convert -1 (base 4) to base 3.
-1
Convert 11 (base 3) to base 16.
4
3 (base 5) to base 3
10
10 (base 11) to base 8
13
What is 1 (base 12) in base 14?
1
Convert -105 (base 6) to base 10.
-41
-156 (base 8) to base 15
-75
-3 (base 11) to base 8
-3
Convert 22 (base 14) to base 13.
24
-6 (base 14) to base 3
-20
What is 210 (base 3) in base 13?
18
-21 (base 7) to base 8
-17
Convert -125 (base 9) to base 12.
-88
Convert 23 (base 14) to base 8.
37
Convert 6 (base 7) to base 14.
6
1a (base 16) to base 12
22
What is -6c (base 14) in base 6?
-240
2a (base 14) to base 7
53
-3 (base 10) to base 9
-3
What is 0 (base 3) in base 7?
0
Convert -167 (base 8) to base 14.
-87
What is 5a (base 14) in base 9?
88
Convert 112 (base 12) to base 3.
12212
What is -20 (base 4) in base 2?
-1000
What is -5 (base 12) in base 16?
-5
What is 2 (base 9) in base 12?
2
What is 21 (base 7) in base 5?
30
Convert -114 (base 8) to base 7.
-136
Convert 6 (base 12) to base 16.
6
What is 353 (base 6) in base 14?
a1
Convert 11 (base 10) to base 8.
13
Convert 0 (base 3) to base 13.
0
39 (base 14) to base 9
56
What is -4b (base 14) in base 9?
-74
Convert -25 (base 14) to base 5.
-113
Convert 123 (base 6) to base 11.
47
Convert 120 (base 4) to base 11.
22
5 (base 12) to base 14
5
Convert 12 (base 3) to base 9.
5
Convert -31 (base 7) to base 14.
-18
12 (base 15) to base 11
16
Convert 68 (base 15) to base 6.
242
Convert -11 (base 5) to base 10.
-6
Convert -4 (base 8) to base 10.
-4
-16 (base 8) to base 2
-1110
Convert -59 (base 10) to base 2.
-111011
-12 (base 3) to base 7
-5
220 (base 3) to base 16
18
510 (base 8) to base 4
11020
What is 1122 (base 4) in base 10?
90
Convert -101 (base 2) to base 6.
-5
Convert aa (base 13) to base 11.
118
Convert -8 (base 12) to base 7.
-11
What is -39 (base 10) in base 3?
-1110
Convert -2030 (base 4) to base 14.
-a0
2c (base 16) to base 3
1122
Convert 5 (base 11) to base 7.
5
Convert 110 (base 6) to base 3.
1120
Convert 2 (base 16) to base 7.
2
Convert 42 (base 14) to base 3.
2011
Convert -11210 (base 3) to base 2.
-10000001
What is 20 (base 3) in base 12?
6
What is 93 (base 14) in base 3?
11210
Convert -5 (base 8) to base 3.
-12
-3 (base 6) to base 9
-3
-10 (base 5) to base 2
-101
Convert -2 (base 7) to base 8.
-2
What is 2110 (base 4) in base 8?
224
What is 2200 (base 3) in base 13?
57
What 